{"id":14,"date":"2014-03-26T18:59:13","date_gmt":"2014-03-26T17:59:13","guid":{"rendered":"http:\/\/cardinal.swiftideas.com\/corporate-demo\/?page_id=14"},"modified":"2025-09-23T09:32:13","modified_gmt":"2025-09-23T07:32:13","slug":"home-2","status":"publish","type":"page","link":"https:\/\/www.gaertnerei-zumstein.ch\/","title":{"rendered":"Herzlich Willkommen"},"content":{"rendered":"[spb_row element_name=&#8220;Row&#8220; wrap_type=&#8220;content-width&#8220; row_bg_type=&#8220;color&#8220; bg_type=&#8220;cover&#8220; parallax_image_height=&#8220;content-height&#8220; parallax_image_movement=&#8220;fixed&#8220; parallax_image_speed=&#8220;0.5&#8243; bg_video_loop=&#8220;yes&#8220; parallax_video_height=&#8220;window-height&#8220; parallax_video_overlay=&#8220;none&#8220; row_overlay_opacity=&#8220;0&#8243; remove_element_spacing=&#8220;no&#8220; row_col_pos=&#8220;default&#8220; width=&#8220;1\/1&#8243; el_position=&#8220;first last&#8220;] [\/spb_row] [spb_blank_spacer height=&#8220;30px&#8220; width=&#8220;1\/1&#8243; el_position=&#8220;first last&#8220;] [spb_row element_name=&#8220;Row&#8220; wrap_type=&#8220;content-width&#8220; row_bg_type=&#8220;color&#8220; row_bg_color=&#8220;#f7f7f7&#8243; color_row_height=&#8220;content-height&#8220; bg_type=&#8220;cover&#8220; parallax_image_height=&#8220;content-height&#8220; parallax_image_movement=&#8220;fixed&#8220; parallax_image_speed=&#8220;0.5&#8243; bg_video_loop=&#8220;yes&#8220; parallax_video_height=&#8220;window-height&#8220; row_top_style=&#8220;none&#8220; row_bottom_style=&#8220;none&#8220; parallax_video_overlay=&#8220;none&#8220; row_overlay_opacity=&#8220;0&#8243; remove_element_spacing=&#8220;no&#8220; row_col_pos=&#8220;default&#8220; row_expanding=&#8220;no&#8220; row_animation=&#8220;none&#8220; row_animation_delay=&#8220;0&#8243; width=&#8220;1\/1&#8243; el_position=&#8220;first last&#8220;] [spb_blank_spacer height=&#8220;30px&#8220; width=&#8220;1\/1&#8243; el_position=&#8220;first last&#8220;] [spb_text_block animation=&#8220;none&#8220; animation_delay=&#8220;0&#8243; simplified_controls=&#8220;yes&#8220; custom_css_percentage=&#8220;no&#8220; padding_vertical=&#8220;0&#8243; padding_horizontal=&#8220;0&#8243; margin_vertical=&#8220;0&#8243; custom_css=&#8220;margin-top: 0px;margin-bottom: 0px;&#8220; border_size=&#8220;0&#8243; border_styling_global=&#8220;default&#8220; width=&#8220;1\/1&#8243; el_position=&#8220;first last&#8220;]\n<p class=\"impact-text-large\" style=\"text-align: left;\"><strong>Abschied mit offenen T\u00fcren \u2013 Ein neues Kapitel f\u00fcr die G\u00e4rtnerei Zumstein<\/strong><\/p>\n<p style=\"text-align: left;\">Liebe Kundinnen und Kunden,<\/p>\n<p style=\"text-align: left;\">nach vielen Jahrzehnten liebevoller Arbeit mit Blumen, Pflanzen und Menschen m\u00f6chten wir Sie \u00fcber eine wichtige Ver\u00e4nderung in unserem Familienbetrieb informieren:<\/p>\n<p style=\"text-align: left;\">Im Laufe dieses Jahres wird die G\u00e4rtnerei Zumstein in Sch\u00f6nenbuch ihren Betrieb schrittweise einstellen. Ab September 2025 wird der Verkauf von Floristik jeglicher Art in der G\u00e4rtnerei nicht mehr stattfinden.<\/p>\n<p style=\"text-align: left;\">Doch dieser Schritt bedeutet keineswegs ein Ende \u2013 sondern vielmehr einen \u00dcbergang. Unsere Leidenschaft f\u00fcr das Florale lebt weiter \u2013 an anderen Orten, in bew\u00e4hrter Qualit\u00e4t, mit vertrauten Gesichtern.<\/p>\n<p style=\"text-align: left;\">Wir bleiben f\u00fcr Sie da:<\/p>\n<ul style=\"text-align: left;\">\n<li>Am Wochenmarkt in Basel sind wir auch weiterhin pers\u00f6nlich f\u00fcr Sie vor Ort.<\/li>\n<li>Alle gewohnten Dienstleistungen rund um Pflanzen, Grabschmuck, Floristik und mehr f\u00fchren wir wie bisher \u00fcber unseren Blumenladen \u201eBlumenstil\u201c in Allschwil fort \u2013 mit viel Herz, Erfahrung und pers\u00f6nlichem Einsatz.<\/li>\n<li>Mit neuen \u00d6ffnungszeiten und einem Pflanzensortiment in Sch\u00f6nenbuch<\/li>\n<li>Die Ansprechpersonen bleiben dieselben \u2013 Ihre Anliegen sind bei uns weiterhin in guten H\u00e4nden.<\/li>\n<\/ul>\n<p style=\"text-align: left;\">Diese Entscheidung f\u00e4llt uns nicht leicht, denn wir blicken mit gro\u00dfer Dankbarkeit auf viele Jahre vertrauensvoller Zusammenarbeit, auf pers\u00f6nliche Gespr\u00e4che, gemeinsame Projekte und die vielen sch\u00f6nen Begegnungen zur\u00fcck, die unsere G\u00e4rtnerei zu einem besonderen Ort gemacht haben.<\/p>\n<p style=\"text-align: left;\">Unser gro\u00dfer Dank gilt Ihnen \u2013 unseren treuen Kundinnen und Kunden \u2013 f\u00fcr Ihre Unterst\u00fctzung, Ihre Wertsch\u00e4tzung und Ihre jahrelange Begleitung.<\/p>\n<p style=\"text-align: left;\">Wir freuen uns, Sie auch weiterhin an unseren Standorten begr\u00fc\u00dfen zu d\u00fcrfen und Sie weiterhin mit frischen Blumen, Pflanzen und Ideen zu begleiten.<\/p>\n<p style=\"text-align: left;\">Mit herzlichen Gr\u00fc\u00dfen,<\/p>\n<p style=\"text-align: left;\">Ihre Familie Zumstein<\/p>\n<p style=\"text-align: left;\">&amp; das gesamte Team der G\u00e4rtnerei Zumstein<\/p>\n[\/spb_text_block] [spb_text_block animation=&#8220;none&#8220; animation_delay=&#8220;0&#8243; simplified_controls=&#8220;yes&#8220; custom_css_percentage=&#8220;no&#8220; padding_vertical=&#8220;0&#8243; padding_horizontal=&#8220;0&#8243; margin_vertical=&#8220;0&#8243; custom_css=&#8220;margin-top: 0px;margin-bottom: 0px;&#8220; border_size=&#8220;0&#8243; border_styling_global=&#8220;default&#8220; width=&#8220;1\/1&#8243; el_position=&#8220;first last&#8220;]\n<h3 style=\"text-align: center;\"><strong>Unsere \u00d6ffnungszeiten a<\/strong><strong>b 01. September 2025\u00a0 :<\/strong><\/h3>\n<p style=\"text-align: center;\"><strong>Montag bis Mittwoch \/ Freitag: 8:00 &#8211; 12:00 und 13:30 &#8211; 16:00 Uhr<\/strong><\/p>\n<p style=\"text-align: center;\"><strong>Donnerstag und Samstag geschlossen<\/strong><\/p>\n<p style=\"text-align: center;\">\n<p>&nbsp;<\/p>\n[\/spb_text_block] [spb_blank_spacer height=&#8220;30px&#8220; width=&#8220;1\/1&#8243; el_position=&#8220;first last&#8220;] [spb_text_block animation=&#8220;none&#8220; animation_delay=&#8220;0&#8243; simplified_controls=&#8220;yes&#8220; custom_css_percentage=&#8220;no&#8220; padding_vertical=&#8220;0&#8243; padding_horizontal=&#8220;0&#8243; margin_vertical=&#8220;0&#8243; border_size=&#8220;0&#8243; border_styling_global=&#8220;default&#8220; width=&#8220;1\/1&#8243; el_position=&#8220;first last&#8220;]\n<h2 style=\"text-align: center;\">Was wir Ihnen bieten<\/h2>\n[\/spb_text_block] [spb_text_block animation=&#8220;none&#8220; animation_delay=&#8220;0&#8243; simplified_controls=&#8220;yes&#8220; custom_css_percentage=&#8220;no&#8220; padding_vertical=&#8220;0&#8243; padding_horizontal=&#8220;0&#8243; margin_vertical=&#8220;0&#8243; border_size=&#8220;0&#8243; border_styling_global=&#8220;default&#8220; width=&#8220;1\/1&#8243; el_position=&#8220;first last&#8220;]\n<i class=\"fa-leaf  sf-icon sf-icon-float-left sf-icon-small\" style=\"color: #3bbf81;\"><\/i>\n<p>&nbsp;<\/p>\n<p><span style=\"color: #464646;\"><span style=\"color: #000000;\"><strong>Beet-und Balkonpflanzen<br \/>\n<\/strong>Wir bieten eine grosse Auswahl an Fr\u00fchlingsflor-, Sommerflor- und Herbstflor-Pflanzen. Anfangs Jahr beginnt bei uns das Jahr mit farbenfrohen Fr\u00fchlingsbl\u00fcher wie Primeli, Pens\u00e9e oder Vergissmeinnicht.<\/span><br \/>\n<span style=\"color: #000000;\">Im April geht unser Sortiment in Sommerflorpflanzen \u00fcber. Verschiedenfarbige Geranien, unter anderem die alte Sorte Stadt Bern, bilden einen sch\u00f6nen Teil unseres Sortiments. Nebst Petunien, Nelken und Lantanen, die unser abwechslungsreiches Sortiment erweitern, haben wir allerlei Trio-Pflanzen, welche in ihre Balkonkisten auf einfache Art Abwechslung bringen. Kommen Sie doch gerne vorbei und finden Sie ihre eigene Kreation f\u00fcr Ihren Balkon oder Garten.<\/span><br \/>\n<span style=\"color: #000000;\">Auch der Herbst bringt eine Vielzahl von bl\u00fchenden und farbigen Pflanzen, die f\u00fcr den Winter einen Farbtupfer zu Ihnen nach Hause bringen.<\/span><br \/>\n<\/span><\/p>\n[\/spb_text_block] [spb_text_block animation=&#8220;none&#8220; animation_delay=&#8220;0&#8243; simplified_controls=&#8220;yes&#8220; custom_css_percentage=&#8220;no&#8220; padding_vertical=&#8220;0&#8243; padding_horizontal=&#8220;0&#8243; margin_vertical=&#8220;0&#8243; border_size=&#8220;0&#8243; border_styling_global=&#8220;default&#8220; width=&#8220;1\/1&#8243; el_position=&#8220;first last&#8220;]\n<i class=\"fa-leaf  sf-icon sf-icon-float-left sf-icon-small\" style=\"color: #3bbf81;\"><\/i>\n<p>&nbsp;<\/p>\n<p><span style=\"color: #000000;\"><strong>Kr\u00e4uter<br \/>\n<\/strong>F\u00fcr jedes Essen die passenden Kr\u00e4uter? Bei uns finden sie eine grosse Auswahl an verschiedenen Kr\u00e4utern, von Apfelminze \u00fcber Oregano bis zu Zitronenverbenen. Lassen Sie sich von den D\u00fcften inspirieren und geniessen Sie die verschiedenen Reize jedes Einzelnen. N\u00fctzen Sie die Kr\u00e4uter nicht nur zum W\u00fcrzen von Speisen, sondern auch die \u00e4therischen \u00d6le zur nat\u00fcrlichen Heilung. F\u00fcr eine l\u00e4ngere Lagerung k\u00f6nnen Sie die Kr\u00e4uter zu B\u00fcscheln zusammenbinden und Kopf\u00fcber trocknen.<\/span><\/p>\n[\/spb_text_block] [spb_blank_spacer height=&#8220;90px&#8220; width=&#8220;1\/1&#8243; el_position=&#8220;first last&#8220;] [spb_image image=&#8220;11306&#8243; image_size=&#8220;full&#8220; frame=&#8220;noframe&#8220; caption_pos=&#8220;hover&#8220; remove_rounded=&#8220;yes&#8220; fullwidth=&#8220;yes&#8220; overflow_mode=&#8220;none&#8220; link_target=&#8220;_self&#8220; lightbox=&#8220;no&#8220; intro_animation=&#8220;none&#8220; animation_delay=&#8220;200&#8243; width=&#8220;1\/1&#8243; el_position=&#8220;first last&#8220;][\/spb_image] [spb_blank_spacer height=&#8220;90px&#8220; width=&#8220;1\/1&#8243; el_position=&#8220;first last&#8220;] [\/spb_row] [spb_row element_name=&#8220;Row&#8220; wrap_type=&#8220;content-width&#8220; row_bg_type=&#8220;color&#8220; bg_type=&#8220;cover&#8220; parallax_image_height=&#8220;content-height&#8220; parallax_image_movement=&#8220;fixed&#8220; parallax_image_speed=&#8220;0.5&#8243; bg_video_loop=&#8220;yes&#8220; parallax_video_height=&#8220;window-height&#8220; parallax_video_overlay=&#8220;none&#8220; row_overlay_opacity=&#8220;0&#8243; remove_element_spacing=&#8220;no&#8220; row_col_pos=&#8220;default&#8220; width=&#8220;1\/1&#8243; el_position=&#8220;first last&#8220;] [spb_blank_spacer height=&#8220;90px&#8220; width=&#8220;1\/1&#8243; el_position=&#8220;first last&#8220;] [spb_text_block animation=&#8220;none&#8220; animation_delay=&#8220;0&#8243; simplified_controls=&#8220;yes&#8220; custom_css_percentage=&#8220;no&#8220; padding_vertical=&#8220;0&#8243; padding_horizontal=&#8220;0&#8243; margin_vertical=&#8220;0&#8243; border_size=&#8220;0&#8243; border_styling_global=&#8220;default&#8220; width=&#8220;1\/1&#8243; el_position=&#8220;first last&#8220;]\n<h2 style=\"text-align: center;\">\u00dcber uns<\/h2>\n[\/spb_text_block] [spb_blank_spacer height=&#8220;30px&#8220; width=&#8220;1\/1&#8243; el_position=&#8220;first last&#8220;] [spb_text_block animation=&#8220;none&#8220; animation_delay=&#8220;0&#8243; simplified_controls=&#8220;yes&#8220; custom_css_percentage=&#8220;no&#8220; padding_vertical=&#8220;0&#8243; padding_horizontal=&#8220;4&#8243; margin_vertical=&#8220;0&#8243; border_size=&#8220;0&#8243; border_styling_global=&#8220;default&#8220; width=&#8220;1\/2&#8243; el_position=&#8220;first&#8220;]\n<p><span style=\"color: #464646;\"><strong>Familienbetrieb<\/strong><\/span><\/p>\n<p><span style=\"color: #464646;\">Unser Unternehmen ist ein langj\u00e4hriger Familienbetrieb. Wir produzieren Schweizer Schnittblumen und Topfpflanzen\u00a0 in unseren Gew\u00e4chsh\u00e4usern und im Freiland. Wir sind sowohl f\u00fcr Privatpersonen, den Detailhandel wie auch f\u00fcr die \u00f6ffentliche Hand ein Ansprechpartner.<br \/>\n<\/span><\/p>\n[\/spb_text_block] [spb_text_block animation=&#8220;none&#8220; animation_delay=&#8220;0&#8243; simplified_controls=&#8220;yes&#8220; custom_css_percentage=&#8220;no&#8220; padding_vertical=&#8220;0&#8243; padding_horizontal=&#8220;4&#8243; margin_vertical=&#8220;0&#8243; border_size=&#8220;0&#8243; border_styling_global=&#8220;default&#8220; width=&#8220;1\/2&#8243; el_position=&#8220;last&#8220;]\n<p><span style=\"color: #464646;\"><strong>Geschichte<\/strong><\/span><\/p>\n<p><span style=\"color: #464646;\">01.05.1978\u00a0hat Paul Zumstein die G\u00e4rtnerei in Sch\u00f6nenbuch aufgebaut. Am 01.10.1978 wurde sie ganz in Betrieb genommen. Nach\u00a027<\/span><span style=\"color: #464646;\"> erfolgreichen Jahren wurde sie von Michael Zumstein \u00fcbernommen und dann stetig zu einem mehrheitlich Topfpflanzen produzierenden Betrieb umgebaut.\u00a0 Auch heute unterst\u00fctzt die ganze Familie den Betrieb, welcher durch vier angestellte Floristinnen und G\u00e4rtnerinnen erg\u00e4nzt wird.<br \/>\n<\/span><\/p>\n[\/spb_text_block] [spb_blank_spacer height=&#8220;60px&#8220; width=&#8220;1\/1&#8243; el_position=&#8220;first last&#8220;] [spb_text_block animation=&#8220;none&#8220; animation_delay=&#8220;0&#8243; simplified_controls=&#8220;yes&#8220; custom_css_percentage=&#8220;no&#8220; padding_vertical=&#8220;0&#8243; padding_horizontal=&#8220;0&#8243; margin_vertical=&#8220;0&#8243; border_size=&#8220;0&#8243; border_styling_global=&#8220;default&#8220; width=&#8220;1\/1&#8243; el_position=&#8220;first last&#8220;]\n<h2 style=\"text-align: center;\">Haben Sie noch Fragen? Melden Sie sich ungeniert!<\/h2>\n[\/spb_text_block] [spb_blank_spacer height=&#8220;60px&#8220; width=&#8220;1\/1&#8243; el_position=&#8220;first last&#8220;] [spb_gallery gallery_id=&#8220;11410&#8243; display_type=&#8220;masonry&#8220; columns=&#8220;5&#8243; fullwidth=&#8220;no&#8220; gutters=&#8220;yes&#8220; image_size=&#8220;full&#8220; slider_transition=&#8220;slide&#8220; show_thumbs=&#8220;yes&#8220; autoplay=&#8220;yes&#8220; show_captions=&#8220;no&#8220; enable_lightbox=&#8220;yes&#8220; width=&#8220;1\/1&#8243; el_position=&#8220;first last&#8220;] [spb_blank_spacer height=&#8220;30px&#8220; width=&#8220;1\/1&#8243; el_position=&#8220;first last&#8220;] [\/spb_row] [spb_image image_size=&#8220;full&#8220; frame=&#8220;noframe&#8220; caption_pos=&#8220;hover&#8220; remove_rounded=&#8220;yes&#8220; fullwidth=&#8220;no&#8220; overflow_mode=&#8220;none&#8220; link_target=&#8220;_self&#8220; lightbox=&#8220;no&#8220; intro_animation=&#8220;none&#8220; animation_delay=&#8220;200&#8243; width=&#8220;1\/1&#8243; el_position=&#8220;first last&#8220;][\/spb_image]\n","protected":false},"excerpt":{"rendered":"<p>[spb_row element_name=&#8220;Row&#8220; wrap_type=&#8220;content-width&#8220; row_bg_type=&#8220;color&#8220; bg_type=&#8220;cover&#8220; parallax_image_height=&#8220;content-height&#8220; parallax_image_movement=&#8220;fixed&#8220; parallax_image_speed=&#8220;0.5&#8243; bg_video_loop=&#8220;yes&#8220; parallax_video_height=&#8220;window-height&#8220; parallax_video_overlay=&#8220;none&#8220; row_overlay_opacity=&#8220;0&#8243; remove_element_spacing=&#8220;no&#8220; row_col_pos=&#8220;default&#8220; width=&#8220;1\/1&#8243; el_position=&#8220;first last&#8220;] [\/spb_row] [spb_blank_spacer height=&#8220;30px&#8220; width=&#8220;1\/1&#8243; el_position=&#8220;first last&#8220;] [spb_row element_name=&#8220;Row&#8220; wrap_type=&#8220;content-width&#8220; row_bg_type=&#8220;color&#8220; row_bg_color=&#8220;#f7f7f7&#8243; color_row_height=&#8220;content-height&#8220; bg_type=&#8220;cover&#8220; parallax_image_height=&#8220;content-height&#8220; parallax_image_movement=&#8220;fixed&#8220; parallax_image_speed=&#8220;0.5&#8243; bg_video_loop=&#8220;yes&#8220; parallax_video_height=&#8220;window-height&#8220; row_top_style=&#8220;none&#8220; row_bottom_style=&#8220;none&#8220; parallax_video_overlay=&#8220;none&#8220; row_overlay_opacity=&#8220;0&#8243; remove_element_spacing=&#8220;no&#8220; row_col_pos=&#8220;default&#8220; row_expanding=&#8220;no&#8220; row_animation=&#8220;none&#8220; row_animation_delay=&#8220;0&#8243; width=&#8220;1\/1&#8243; el_position=&#8220;first last&#8220;] [spb_blank_spacer height=&#8220;30px&#8220; width=&#8220;1\/1&#8243; el_position=&#8220;first last&#8220;] [spb_text_block animation=&#8220;none&#8220; animation_delay=&#8220;0&#8243; simplified_controls=&#8220;yes&#8220; custom_css_percentage=&#8220;no&#8220; padding_vertical=&#8220;0&#8243; padding_horizontal=&#8220;0&#8243; margin_vertical=&#8220;0&#8243; [&hellip;]<\/p>\n","protected":false},"author":1,"featured_media":0,"parent":0,"menu_order":0,"comment_status":"closed","ping_status":"closed","template":"","meta":{"footnotes":""},"class_list":["post-14","page","type-page","status-publish","hentry"],"_links":{"self":[{"href":"https:\/\/www.gaertnerei-zumstein.ch\/index.php\/wp-json\/wp\/v2\/pages\/14","targetHints":{"allow":["GET"]}}],"collection":[{"href":"https:\/\/www.gaertnerei-zumstein.ch\/index.php\/wp-json\/wp\/v2\/pages"}],"about":[{"href":"https:\/\/www.gaertnerei-zumstein.ch\/index.php\/wp-json\/wp\/v2\/types\/page"}],"author":[{"embeddable":true,"href":"https:\/\/www.gaertnerei-zumstein.ch\/index.php\/wp-json\/wp\/v2\/users\/1"}],"replies":[{"embeddable":true,"href":"https:\/\/www.gaertnerei-zumstein.ch\/index.php\/wp-json\/wp\/v2\/comments?post=14"}],"version-history":[{"count":83,"href":"https:\/\/www.gaertnerei-zumstein.ch\/index.php\/wp-json\/wp\/v2\/pages\/14\/revisions"}],"predecessor-version":[{"id":11730,"href":"https:\/\/www.gaertnerei-zumstein.ch\/index.php\/wp-json\/wp\/v2\/pages\/14\/revisions\/11730"}],"wp:attachment":[{"href":"https:\/\/www.gaertnerei-zumstein.ch\/index.php\/wp-json\/wp\/v2\/media?parent=14"}],"curies":[{"name":"wp","href":"https:\/\/api.w.org\/{rel}","templated":true}]}}